)/(-1). Let t = -4 - r. What is y(t)?
-3
Let t(s) be the third derivative of s**4/24 - 3*s**3/2 + 2*s**2. Suppose -82*w + 974 = 318. Calculate t(w).
-1
Let t(j) be the first derivative of j**3 + 199. Give t(-2).
12
Let b(c) = -2*c + c**2 - 41 - 40 + 127 - 43. Give b(2).
3
Suppose 0 = p + p. Suppose 0 = 5*j - 2*w - 32, -j - 2*j - 4*w + 14 = p. Let z(u) be the second derivative of -u**3/3 - u**2/2 + 12*u. Calculate z(j).
-13
Suppose -15 = 3*n, -2*o + 13 = o + n. Let i be (o/10)/((-4)/(-20)). Let m(z) be the second derivative of -z**3/6 + 2*z**2 + z. Determine m(i).
1
Let h(z) = -1249*z - 2*z**2 - 1 + z**2 - 22*z**3 + 1250*z. What is h(1)?
-23
Let s = -5 + 7. Suppose -z - 24 = -4*x - 3*z, 2*z - 8 = 0. Let v(l) = 10 - 4 - 4 - x*l. Give v(s).
-6
Let c(x) = -x**3 - 2*x**2 + 5*x - 5. Let u be -6 - (-7)/((-14)/(-8)). Let a(b) = -b + 1. Let j(o) = u*a(o) - c(o). Determine j(-4).
-17
Let x(a) = a**3 - 5*a**2 + 4*a - 6. Suppose -t + 3*m = -2*m + 12, m = 4*t - 9. Suppose 2*l + t*l = 80. Suppose 5*n = n + l. Determine x(n).
-6
Suppose 6*w + 24 = 2*w. Let p(u) = u**2 + 5*u - 3. What is p(w)?
3
Suppose 40*w = 25*w - 75. Let g(o) = -2*o**2 - 8*o + 2. Calculate g(w).
-8
Let l(o) = 0 + 5*o - o + 0 + 3 - 1. Calculate l(-7).
-26
Let g(w) = w**2 - 6*w + 1. Suppose 4*n = -5*x + 47, -3*x - 7 = 2*n - 34. What is g(x)?
8
Let h = -1/802 - -411/8020. Let p(o) be the second derivative of h*o**5 - 14*o + 0 - 1/4*o**4 + 1/6*o**3 + 0*o**2. Determine p(2).
-2
Let o(v) = 15*v**2 - 22*v - 40. Let q(a) = -7*a**2 + 10*a + 19. Let j(g) = 6*o(g) + 13*q(g). Give j(-7).
-28
Let o(t) = -32 - t + 75 - 42. Give o(-1).
2
Let d be 8/12 - 5/(-15). Let k(a) = a**3 - 2*a**2 + 4*a - 3. Let c be k(d). Let h(r) = -r + 10. What is h(c)?
10
Let h(l) be the first derivative of -1 + 1/2*l**2 + 2*l. Let g(q) = 3*q**2 - 6. Let i be g(2). What is h(i)?
8
Let z(d) be the third derivative of d**5/10 - d**4/12 + d**3/6 - 5*d**2. Let k = 14 - 11. Suppose 0 = -0*g - 3*g + k. Calculate z(g).
5
Let c(k) = -8*k - 2. Let o(p) = 5*p + 1. Let l(f) = -2*c(f) - 3*o(f). Determine l(-1).
0
Let y(g) be the third derivative of -g**5/20 + 5*g**3/6 + 4*g**2 - 7. Give y(2).
-7
Suppose -s + 5*y - 20 = 0, 2*s + 4*y - 30 = -0*y. Let a(m) = 2*m**2 + 4*m - 1. Let q be a(4). Let v(x) = 94*x - q*x - 46*x - 5. Give v(s).
0
Let p be 12/(-45)*6*(-25)/(-10). Let f(d) = -d**3 + d**2 + d + 2. Let q be f(0). Let z = q + p. Let k(l) = -l**2 + 2*l + 3. Give k(z).
-5
Let h(u) = -u**3 - 6*u**2 - 4*u - 7. Suppose -9*f + 17*f + 48 = 0. Calculate h(f).
17
Suppose 0*q - 5*q = -10. Suppose s = 4*v + 3, -3*s + 2*s = 4*v - 3. Suppose -q*a - a + 7 = f, v = a + 3*f - 13. Let o(j) = 2*j - 1. Give o(a).
1
Let o(y) be the second derivative of 0 + 5/6*y**3 - 3/2*y**2 - 19*y. Give o(2).
7
Let q be (1*4)/(32/8). Let s(v) = 15*v**2 + 2*v + 1. Let g(p) = p**2. Let y(z) = q*s(z) + 5*g(z). Calculate y(-1).
19
Let t(o) = -o**2 - o + 2*o + 0*o - o**2. Suppose -y - 2*j + 6 = -6, 4*j = 4*y + 12. Determine t(y).
-6
Let g(q) = q**3 - 2*q**2 - 2*q + 2. Let d(c) = 2*c - 8. Let f be 5*((-2)/10 - (-12)/10). Let b be d(f). Give g(b).
-2
Suppose 12*f - 7*f = 0. Suppose z - 4 + 2 = f. Let a(h) = 1. Let l(q) = q - 1. Let m(d) = -a(d) - 3*l(d). Give m(z).
-4
Let g(n) = -n**2 - 2*n - 2. Suppose -4*a + 2 = 34. Let y = a + 6. Calculate g(y).
-2
Let g(s) be the first derivative of -s**4/4 - 2*s**3 + s**2/2 - 7*s - 80. Let r be (-56)/10 - 2/5. Give g(r).
-13
Let t(f) = -7*f**2 - 14*f + 2. Let d be t(-6). Let i = d - -168. Let x(m) = -m**2 + 2. Calculate x(i).
-2
Let m(i) = i**3 + 8*i**2 + 6*i - 4. Let l be m(-7). Let x(a) = -2*a**3 - 4*a**2 + 5*a. Let y(b) = b**3 - b. Let s(d) = -x(d) - 3*y(d). Give s(l).
3
Let f(k) = k**2 + 6*k - 7. Suppose -4*h - 4*a = 40, -2*h + 1 = a - 6*a. What is f(h)?
0
Suppose -a - a = -8. Suppose a*d - d = 12. Let n(r) be the second derivative of -r**3/3 - r**2 + 368*r. Determine n(d).
-10
Let v(u) = -3*u + 7. Let w be 2/(-16)*-4*18. Give v(w).
-20
Let u(r) be the second derivative of 5/6*r**3 + 8*r + 0 + 5*r**2. Let f(v) = v. Let l(j) = 6*f(j) - u(j). What is l(5)?
-5
Let q(g) = 4*g + 4. Let v(r) = -4*r - 11. Let l be v(-4). Suppose 6*z - l*z + 3 = 0. Determine q(z).
-8
Let l(n) = -4*n**3 + 2*n**2 - 7. Let s(o) = -3*o**3 + 3*o**2 + o - 7. Let r(j) = 2*l(j) - 3*s(j). Let w = 9 + -4. Give r(w).
-8
Suppose 2*m + 299 = 4*s - m, -382 = -5*s + m. Let j = s + -76. Let p(u) = 13*u + 1. Calculate p(j).
14
Let k be (1 - 0/1)*5. Let h(w) = -4 - 3 - 164443*w + 164444*w. Determine h(k).
-2
Suppose 5*d + 9*d = 28. Let l(a) be the first derivative of -d - 1/4*a**4 - a + a**2 - 2/3*a**3. Determine l(1).
-2
Let j(c) = 58*c**2 + 2*c + 10 - 7 - 57*c**2 + 2*c. Give j(4).
35
Let q(d) be the second derivative of d**3/6 + 17*d**2/2 + 4*d. Let l be q(-11). Let s(b) = -1 + 1 - l*b**2. Calculate s(1).
-6
Let v(n) = -35*n**2 + 16*n - 7. Let y(k) = 22*k**2 - 11*k + 4. Let o(m) = 5*v(m) + 8*y(m). Determine o(9).
6
Let k = -40 - -38. Let j(x) = 4*x**3 + 3*x**2 + 4*x + 3. Calculate j(k).
-25
Let l(c) be the second derivative of c**4/12 - 3*c**3/2 + 5*c**2/2 + 249*c. Determine l(10).
15
Let c be (-6)/2 - (12 - 0). Let t(h) = -h**3 - 14*h**2 + 16*h + 20. Give t(c).
5
Let d = 64 + -28. Suppose 0*u - u + t = -9, 2*t + d = 5*u. Let r(y) = -4*y**3 + 3*y**3 + 6*y**2 + 0*y + 8 - 3*y. Give r(u).
-10
Let o(q) = q**3 + 25*q**2 - 5. Let p = 285 + -310. What is o(p)?
-5
Suppose -9*b - 44 = 46. Let q(h) = -h - 5. What is q(b)?
5
Suppose 0 = -3*r - 82*w + 86*w - 2, 3*w - 14 = -4*r. Let q(g) = 6*g - 3. Calculate q(r).
9
Let d(b) = -b**3 - 9*b**2 - 3*b - 7. Suppose -10*h + 5*h = 20, 3*i + 43 = -4*h. What is d(i)?
20
Let x = -273 - -266. Let d(b) = b**2 + 6*b + 1. Give d(x).
8
Let s(u) = 3*u**2 - 3*u - 20. Let z(r) = r**2 + r - 2. Let p(b) = s(b) - 4*z(b). Give p(-5).
-2
Let v = 9 + -4. Let i(d) = d + 11. Suppose -1 = 5*w + 9. Let p(k) = 2*k + 12. Let b(u) = w*p(u) + 3*i(u). What is b(v)?
4
Suppose -4*n + 373 = -2*b + 37, 0 = 4*b. Suppose 12 = 12*x + n. Let g(v) = 6*v**2 + v**3 + 0 + 3 + v**2 + 8*v. Calculate g(x).
-9
Let o(p) = 44*p - 711. Let q be o(16). Let i(w) = w**2 + 9*w + 6. Give i(q).
-8
Suppose -2*x - 15*h + 12*h = 4, -x + 3*h = 2. Let b(i) = -i**2 + i + 2. What is b(x)?
-4
Let q(s) = -s**3 + 6*s**2 - 8*s - 3. Let t(f) = f - 1. Let c(a) = q(a) + 5*t(a). Give c(5).
2
Let r be 4/10 - 231/(-35) - 4. Let s(c) be the first derivative of 1/4*c**4 + 0*c**2 - 1/3*c**r + 1 + c. Calculate s(0).
1
Let r(f) = 2*f - 3. Let a(i) = -7*i + 5. Let u(o) = -a(o) - 3*r(o). Let p(h) = -h**2 + 2*h + 3. Let t be p(4). Let x be 20/t - -1*1. What is u(x)?
1
Let f = 2 - -3. Let o(d) = 3*d - 13. Let v(j) be the third derivative of -j**4/6 + 7*j**3/3 - 9*j**2. Let c(s) = -3*o(s) - 2*v(s). Determine c(f).
6
Suppose -5*i = -13 - 2. Suppose -i*c + 8*c = 20. Let k(g) = g**2. Let r(v) = 3*v**2 - 2*v + 2. Let l(d) = c*k(d) - r(d). Calculate l(-4).
6
Suppose 3*m - 2*y - 38 = 0, -3*m = -y + 4*y - 18. Let t(h) = -h + 4. What is t(m)?
-6
Suppose -2*v = -2*f + 18, 19*f + 5*v = 16*f + 3. Let d(o) = 3*o - 2*o - 3 + 9. Calculate d(f).
12
Let v(j) = 2*j**3 + 3*j**2 - 2. Suppose 5*a + 46 = 36. Give v(a).
-6
Let w(k) = 2*k - 2. Let p(q) = -17*q - 3. Let z(v) = p(v) + 5*w(v). Calculate z(-3).
8
Let u(c) be the third derivative of -c**4/24 - 4*c**3/3 + 16*c**2. Suppose -2*m + 24 = -6*m. Give u(m).
-2
Let f(s) be the third derivative of -s**3 + 4*s**2 + 0*s + 0 - 1/24*s**4. Suppose 0 = -2*p + 6*p + 24. Calculate f(p).
0
Let u(o) be the third derivative of 0 + 2*o**3 + 0*o - 1/24*o**4 - 13*o**2. Calculate u(10).
2
Let y(c) = c - 19. Let h(l) = l**2 - 9*l + 8. Let r be h(8). Determine y(r).
-19
Let o(p) = -9. Let z(g) = -9*g + 40 + 2*g + 8*g - 75. Let f(n) = -9*o(n) + 2*z(n). Calculate f(-8).
-5
Suppose -17 = -3*f - 8. Suppose 3*p = -5*t + 223, 0 = -5*t - 3*p - 2*p + 225. Let c(r) = t*r - 1 - 43*r + 0 + 3. Calculate c(f).
5
Let u(x) = x**2 + 45*x - 95. Let b be u(-47). Let p(l) = -l**3 + l**2 - 2*l - 2. Determine p(b).
2
Let w = -28 - 36. Let a be 1/(4*(-4)/w). Let f(h) = -h**3 + 4*h**2 + 3*h + 1. Calculate f(a).
13
Suppose 5*k = -4*w + 2*k + 119, -w + 27 = -2*k. Let d = -34 + w. Let a(u) = u**2 + 5*u + 1. Give a(d).
1
Let a(k) = -11*k + 2. Let m(i) = -6*i + 1. Let d(r) = -4*a(r) + 9*m(r). Give d(3).
-29
Let i(o) = 518*o + 10 - 512